. Let b(s) = 11*s**2 - s - 2. Let m(f) = -5*b(f) - 7*g(f). Let u be m(1). Let w(r) = -4*r - 2. Determine w(u).
-10
Suppose -8 = 4*d, 112 = v - 5*v + 2*d. Let k = v + 32. Suppose -k*s = 2*s. Let t(h) = h**2 + h - 3. Give t(s).
-3
Suppose -g - 2*a = 4, 4*a + 6 = g - 4*g. Let z(o) = o**2 - o**g + 1571 - 5*o - 1568 - o**2. Calculate z(-4).
7
Let z = 11697 - 11700. Let a(c) = -2*c**3 - 3*c**2 - 5*c + 1. Give a(z).
43
Let s(c) = 7*c**3 + 2*c. Suppose -2147 = -18*g - 2111. What is s(g)?
60
Let z = 13 - 8. Suppose -21*n = -z*n - 32. Let h(y) = -y + 1 + 0 + 2*y + n*y. Determine h(-3).
-8
Let g(q) = -q**3 - 2*q**2 + q - 2. Let s = 22 + -40. Let r be ((-85)/(-3))/(6/s). Let f = r + 82. Calculate g(f).
4
Suppose -k = -2*k + 7. Let q(d) = 11*d**3 - 13*d**2 - 19*d + 2. Let m(s) = -19*s**3 + 26*s**2 + 36*s - 5. Let t(x) = k*q(x) + 4*m(x). Calculate t(-12).
6
Let y(k) = k**3 + 6*k**2 - 2*k + 3. Suppose 195 = 3*h + 3*d, 0 = -5*h + 4*d - 90 + 451. Suppose -67*c = -h*c - 12. Give y(c).
15
Let a(f) = 5*f - 34. Let g = 137 - 130. Let n be a(g). Let z(q) = q - 2. Let p(s) = 2*s - 3. Let d(j) = -2*p(j) + 3*z(j). Calculate d(n).
-1
Let q(f) = 3*f**3 + 12*f**2 - 26*f - 49. Let u(x) = -4*x**3 - 12*x**2 + 26*x + 64. Let n(k) = 5*q(k) + 4*u(k). Give n(9).
20
Let f(k) = -295*k + 89*k - 2*k**2 + 94*k + 91*k - 14. What is f(-10)?
-4
Let n(f) = f**2 - 11*f + 36. Let c(o) = 15*o**3 + 105*o**2 - o. Let z be c(-7). Determine n(z).
8
Suppose -3*z - j + 32 - 54 = 0, 0 = -4*z + 2*j - 26. Let h(a) = a**2 + a + 5. Calculate h(z).
47
Suppose -31 = -5*y + 2*h, 0 = 56*y - 54*y - 2*h - 22. Suppose -f = -0*d - d - 1, -3 = 5*f + 3*d. Let u(a) = -1 + 6*a + 2 + f*a**2 - a**2. Calculate u(y).
10
Let k(j) = -j**3 + 9*j**2 - 8*j - 6. Suppose 0 = 3*v - 2*v + 4*o + 7, -4*v + o = -40. Let s be (5 - 1)*v/18 + 6. What is k(s)?
-6
Let f(b) = b**2 + 9*b - 32. Let v(k) = 2*k**2 + 19*k - 63. Let d(o) = 7*f(o) - 4*v(o). Determine d(-15).
-2
Suppose -38*c + 271 = -71. Let b(h) = 4*h**2 - 1 - 5*h**3 + h**3 - 7*h**3 - c*h**3 + 21*h**3. Let j be -3 - (0 + 1/1). Give b(j).
-1
Let v(k) = -49*k - 251. Let c be v(-6). Let a(x) = -7*x**2 + 3*x**3 + c + 5*x**2 - 2*x - 44 + x**2. Suppose -i = 2*w + 7, -2*i = -5*i - w - 6. What is a(i)?
-3
Let x(s) = s**3 + 6*s**2 + 2. Let l be x(-6). Let m(p) = -l + 10 + 0 + p. Suppose 3*z + 64*t - 63*t = -4, -3*z - 4*t = 16. Give m(z).
8
Let a(i) = -i - 8. Let f be a(-10). Suppose -13*n = -812 + 97. Let o(g) = -n + 26 - 2*g**2 + g + 28. Calculate o(f).
-7
Let h(a) = -a**3 + a**2 + 10*a - 1. Let i be h(3). Let b be (4 + -2)/(i/22). Let p(f) = -2*f + 12. Determine p(b).
4
Let k(w) = -w**3 + 11*w**2 - 12*w + 14. Suppose 5*m - 56 = -1. Suppose -4*c - 19 = -5*i + m, -5*i + 55 = c. Let o be k(i). Let d(b) = -2*b - 9. What is d(o)?
3
Let q(n) = -n**3 - 12*n**2 + 3*n - 5. Let r(s) = -s. Let o(k) = -q(k) - 3*r(k). What is o(-12)?
5
Let c(u) be the second derivative of 5*u**3/6 - 15*u**2 + 911*u. What is c(5)?
-5
Let y(r) = 5*r - 1. Suppose 3*b - 21 = -3*n, 12 = 2*b - n + 4. Let l be b/((-5)/(-2)*-1). Give y(l).
-11
Let l(p) = -97 + 7 - 93 + 19 + 7*p. Let k be l(23). Let a(o) be the second derivative of o**4/12 + o**3/6 + o**2 - 5*o. What is a(k)?
8
Let n(w) = -27*w**2 + 8*w - 6. Let p(g) = -2*g**2 - 3*g + 1. Let b(i) = n(i) + 3*p(i). Determine b(-1).
-35
Let j(q) = 3*q**2 + 38*q. Let l be j(0). Let p(d) = -d**2 + d + 14. Determine p(l).
14
Let n(s) be the first derivative of -s**2/2 + 6*s + 929. Suppose 0 = 2*o - 7*o + 20. What is n(o)?
2
Let d(i) = -i**3 - 3*i**2 + 2*i - 1. Let n(q) = 13*q**2 + 11*q + 1. Let m be n(-1). Suppose -5*z - 34 = m*h, -21*h + 20*h + 22 = -5*z. Calculate d(h).
-7
Let g(v) = v**3 + 7*v**2 + 10*v + 8. Let z(x) = 3*x**3 + x + 4. Let j(y) = y**3 + y + 4. Let i(w) = -3*j(w) + 3*z(w). Let u be i(-1). Determine g(u).
-16
Suppose -4*j + t + 26 = -1, -3*j + t = -21. Let g be 180/52 - 102/221. Suppose -j = -g*f + 9*f. Let d(r) = 9*r. Give d(f).
-9
Let u(d) = d - 23. Let c = 799 - 790. Give u(c).
-14
Let s(z) = -19*z**2 + 2*z - 6. Let f(k) = 23*k**2 - k + 8. Let g(p) = 5*f(p) + 6*s(p). Suppose 0 = -q + 2*q + 7. Let h = 2 + q. Give g(h).
-6
Let k(v) = 14*v - 11. Let i(d) = -19*d + 10. Let s(g) = 3*i(g) + 4*k(g). Suppose -4*r + f - 25 = 0, -4*f + f - 30 = 3*r. Give s(r).
-7
Let a = 300 - 295. Let f(m) = 14738*m**2 + 3*m - 14737*m**2 - 4*m - 8 - a*m. Determine f(6).
-8
Let g be ((-3)/(-2) + -1)*0. Let x(b) be the third derivative of -b**4/24 - 3*b**3/2 + b**2 - 44277. Determine x(g).
-9
Let k be (-2)/(-3*(-10)/(-45)). Let y be ((-6)/8)/(k/12). Let t(o) = -o**3 - o**2 + 3*o. Determine t(y).
9
Suppose 0 = 5*u + 2*j - 10, 6*u = 11*u + 5*j - 25. Let x(p) be the second derivative of -p**5/20 + p**4/12 + p**3/6 + 23*p**2/2 + 120*p. Give x(u).
23
Let b(o) be the first derivative of -9*o**2 + 122 + 7*o**2 + 0*o**2 - 2*o + 3*o. What is b(-1)?
5
Let q(l) = 4*l + 1. Suppose m = -3*m + 32. Let u be (-10)/8 - (2 + (-18)/m). Let b(p) = p + 1. Let j(y) = u*q(y) + 5*b(y). What is j(-4)?
0
Let a(i) = -3*i - 12. Let v be (-9)/6*224/(-48). Calculate a(v).
-33
Let b(o) be the third derivative of o**6/144 + o**5/120 + 3*o**4/4 + o**3/6 + 207*o**2. Let u(p) be the second derivative of b(p). Calculate u(-5).
-24
Let w(j) = -7*j - 20. Let v(o) = o**2 + 57*o + 615. Let y be v(-42). Determine w(y).
85
Let z = -104 - -104. Suppose 3*g - g - 3*j - 15 = z, 0 = 2*g + 2*j. Let r(i) = i + 3*i**2 - i**g + 388 - 6*i**2 - 384 - 4*i**2. What is r(-7)?
-3
Suppose -6 = -4*c - 2. Let l(u) = 17*u**3 + 7*u**2 + 12*u - 3. Let q(f) = -19*f**3 - 9*f**2 - 15*f + 4. Let s(x) = 5*l(x) + 4*q(x). Give s(c).
9
Suppose 3*m + 55 - 70 = i, 4*m - 20 = -3*i. Let w be ((-86)/6)/((-1)/(-21)). Let f be (3/2)/(m + w/56). Let o(b) = -b**3 - 4*b**2 - 2*b - 6. Determine o(f).
2
Let y(q) = q**3 - 8*q**2 + 9*q - 9. Suppose p + 3 - 9 = 0. Let l = 1 + p. What is y(l)?
5
Suppose 0 = -5*c + 5*y + 70, -1148*y + 1152*y + 26 = -c. Let q(w) = -3 + 2 + w + 3. Calculate q(c).
8
Suppose -16*c + 5*c = -33. Suppose 32*q + c = 31*q. Let z(n) = -n - 4. Calculate z(q).
-1
Let w(a) = -19*a**3 - 13*a**2 - 7*a + 7. Let r(c) = -5*c**3 - c + 1. Let v(i) = -3*r(i) + w(i). Determine v(-3).
7
Let m(c) = -c**3 - 2*c**2 + 4*c + 3. Suppose -30 = -15*u + 30. Suppose -d + 16 = -2*y + u*d, -3*d = 3*y + 3. Determine m(y).
0
Suppose -25*x = 1761 - 1686. Let p(m) = -m**3 - m**2 + 2*m - 5. What is p(x)?
7
Let v be 2*(0 + 2/(-4)). Let i(o) = 42*o - 42*o + 1 - 49*o**2 + 22*o**3 + 58*o**2 - 10*o**2. Determine i(v).
-22
Let b(o) = 2*o**3 + 8*o**2 - 9*o - 8. Let s(d) = -d**3 + d. Let c(w) = b(w) + 3*s(w). Suppose 1988 = -109*i + 393*i. Calculate c(i).
-1
Let u = 627 + -624. Let m(x) = -70*x**3 - 5*x**2 + 204*x**3 - 65*x**u - 3*x - 70*x**3. Calculate m(-5).
15
Let g(o) = -140*o + 8. Let j(q) = 452*q - 25. Let d(m) = -16*g(m) - 5*j(m). What is d(-2)?
37
Let d(r) = -54*r + 158*r - 61*r - 17 - 33*r. Determine d(-3).
-47
Let g(h) = h**2 - 11*h + 33. Let z = 328 + -321. Let c be g(z). Let d(t) = -t**2 + 7*t - 3. Give d(c).
7
Let c(a) = 6*a - 27. Let t be c(4). Let s(g) = -18*g - 13. Determine s(t).
41
Let k(b) be the first derivative of 6*b**2 + 16*b - 1369. Calculate k(-2).
-8
Let k(r) = -7*r**2 + 13*r - 4. Suppose 121*j - 54 = 103*j. What is k(j)?
-28
Suppose -3*t = -602 + 644. Let p(f) = 2*f**2 + 26*f - 26. Give p(t).
2
Let u be ((-15)/(-2))/(((-260)/(-728))/((-10)/(-21))). Let y(m) = -3*m**2 + 35*m - 47. What is y(u)?
3
Let u be (-2*(2 + -3) - -2) + 9. Suppose -u*i - 90 = 14. Let o(w) = -w**2 - 8*w + 1. What is o(i)?
1
Suppose 47 = v + 4*d, -58 = -2*v + 3*d - 5*d. Let u(z) be the first derivative of 1/2*z**2 - v + 2*z. Determine u(6).
8
Let o be (-44)/(-154) + 192/14. Let d(r) = 12 + 32*r - o*r - 9*r - 7*r. Calculate d(-4).
4
Suppose 28 = -2*u + 40. Let y(d) be the second derivative of 0 - 2/3*d**3 + 1/12*d**4 + 0*d**2 - 23*d. Calculate y(u).
12
Let w be ((-4)/12)/(60/(-360)). Suppose t + 5 = -0, 3*m + t - 1 = 0. Suppose -3 = 3*g + 3*o, 22 = -w*g + m*o + o. Let j(l) = l**2 + 4*l + 4. Give j(g).
9
Suppose -180*p + 175*p + 90 = 0. Let i(s) = -4*s - p*s - 11 + 21*s. Suppose 11*u - 5*u = 7*u. What is i(u)?
-11
Let z(k) = -2*k - 2. Suppose 85*x - 36*x = -98. Determine z(x).
2
Let r(n) = 3*n + 74. Let s(a) = 5*a + 113. Let g(q) = -3*r(q) + 2*s(q). What is g(-5)?
-1
Let z(l) = -3*